 139380400.
2, 5, 348451
List the prime factors of 40831161.
3, 7, 17, 16339
List the prime factors of 43005539.
3613, 11903
List the prime factors of 1348872773.
3229, 417737
What are the prime factors of 24079173?
3, 107, 75013
What are the prime factors of 2219778336?
2, 3, 43, 163, 3299
What are the prime factors of 529308500?
2, 5, 7, 43, 3517
What are the prime factors of 23731857?
3, 2636873
What are the prime factors of 897652546?
2, 7, 64118039
List the prime factors of 14172826.
2, 389, 18217
List the prime factors of 473058273.
3, 23, 431, 15907
List the prime factors of 120184856.
2, 11, 199, 6863
List the prime factors of 100694981.
223, 451547
List the prime factors of 211692404.
2, 7, 11, 62483
What are the prime factors of 4010287491?
3, 7, 251, 253607
What are the prime factors of 72825882?
2, 3, 31, 391537
What are the prime factors of 801193149?
3, 5303, 16787
What are the prime factors of 3620088?
2, 3, 137, 367
What are the prime factors of 122001609?
3, 41, 991883
List the prime factors of 980373033.
3, 1399, 77863
List the prime factors of 131640083.
131640083
What are the prime factors of 1237556118?
2, 3, 7417, 27809
What are the prime factors of 2382821907?
3, 1879, 422711
List the prime factors of 40343744.
2, 7, 90053
What are the prime factors of 3428698929?
3, 1142899643
List the prime factors of 971553973.
13, 439, 170239
List the prime factors of 90486291.
3, 7, 17, 36209
List the prime factors of 186038335.
5, 7, 29, 183289
What are the prime factors of 886025393?
11, 80547763
List the prime factors of 70242023.
23, 3054001
List the prime factors of 226632382.
2, 31, 3655361
What are the prime factors of 1255519596?
2, 3, 107, 977819
List the prime factors of 71409370.
2, 5, 7140937
What are the prime factors of 2135402032?
2, 5081, 26267
List the prime factors of 28938026.
2, 13, 19, 58579
List the prime factors of 38433752.
2, 7, 686317
List the prime factors of 1893959990.
2, 5, 13, 14568923
What are the prime factors of 3509243503?
37, 94844419
What are the prime factors of 384800421?
3, 43, 47, 63467
List the prime factors of 629807133.
3, 71, 2956841
What are the prime factors of 80222037?
3, 7, 3820097
What are the prime factors of 1306430362?
2, 653215181
What are the prime factors of 50144455?
5, 10028891
What are the prime factors of 173059395?
3, 5, 1319, 8747
List the prime factors of 446851516.
2, 37, 157, 19231
What are the prime factors of 48425150?
2, 5, 968503
List the prime factors of 92139059.
92139059
What are the prime factors of 81641451?
3, 137, 198641
What are the prime factors of 5083749455?
5, 23, 59, 61, 71, 173
What are the prime factors of 37443483?
3, 7, 11, 71, 761
List the prime factors of 2140364414.
2, 113, 293, 32323
What are the prime factors of 117601076?
2, 193, 347, 439
List the prime factors of 25467962.
2, 13, 151, 499
List the prime factors of 13737645.
3, 5, 305281
What are the prime factors of 170871417?
3, 53, 97, 1231
List the prime factors of 52649141.
83, 634327
List the prime factors of 1245979856.
2, 11, 7079431
List the prime factors of 31349601.
3, 19, 9649
What are the prime factors of 561716950?
2, 5, 19, 29, 20389
List the prime factors of 790204463.
790204463
What are the prime factors of 72721907?
72721907
List the prime factors of 199065606.
2, 3, 33177601
List the prime factors of 1907155938.
2, 3, 67, 1063, 4463
List the prime factors of 2214267914.
2, 23, 29, 61, 27211
List the prime factors of 115124361.
3, 11, 23, 13789
What are the prime factors of 3238656576?
2, 3, 3257, 5179
What are the prime factors of 77258875?
5, 229, 2699
List the prime factors of 484088674.
2, 179, 1352203
What are the prime factors of 194408808?
2, 3, 11, 29, 67, 379
List the prime factors of 61738774.
2, 30869387
List the prime factors of 2675333723.
29, 449, 205463
List the prime factors of 71892678.
2, 3, 11, 13, 83791
List the prime factors of 40738895.
5, 47, 173357
List the prime factors of 50732604.
2, 3, 13, 43, 2521
List the prime factors of 143899756.
2, 7, 11, 13, 83, 433
What are the prime factors of 456206169?
3, 17, 19, 71, 349
What are the prime factors of 263656609?
41, 53, 121333
List the prime factors of 1524891436.
2, 19, 1056019
What are the prime factors of 730186283?
19, 811, 47387
List the prime factors of 354439485.
3, 5, 7876433
What are the prime factors of 8246170?
2, 5, 163, 5059
What are the prime factors of 914362503?
3, 304787501
What are the prime factors of 336377476?
2, 43, 45481
What are the prime factors of 103951606?
2, 11, 1031, 4583
What are the prime factors of 132175035?
3, 5, 109, 26947
What are the prime factors of 29603351?
857, 34543
What are the prime factors of 16544064?
2, 3, 199, 433
List the prime factors of 3257486454.
2, 3, 542914409
What are the prime factors of 284731991?
1063, 267857
What are the prime factors of 1178588636?
2, 257, 1146487
List the prime factors of 916921990.
2, 5, 91692199
What are the prime factors of 727804309?
9221, 78929
List the prime factors of 71520663.
3, 227, 105023
List the prime factors of 77912733.
3, 25970911
List the prime factors of 503397880.
2, 5, 17, 577, 1283
What are the prime factors of 81465433?
7, 11637919
What are the prime factors of 56681933?
7, 11, 67, 10987
List the prime factors of 168268230.
2, 3, 5, 13, 23, 37
What are the prime factors of 84434042?
2, 7, 11, 49843
What are the prime factors of 408229829?
7, 23, 15749
List the prime factors of 421041734.
2, 89, 337, 7019
List the prime factors of 2108565769.
937, 2250337
What are the prime factors of 889020986?
2, 7, 63501499
What are the prime factors of 1679175?
3, 5, 17, 439
List the prime factors of 1311927997.
199, 6592603
What are the prime factors of 417123641?
11, 5851, 6481
List the prime factors of 79733184.
2, 3, 263, 1579
List the prime factors of 1731019412.
2, 432754853
What are the prime factors of 19437077?
11, 160637
List the prime factors of 161656486.
2, 80828243
List the prime factors of 202812453.
3, 22534717
List the prime factors of 33969649.
7, 4852807
What are the prime factors of 33300053?
1381, 24113
List the prime factors of 1251237217.
1251237217
List the prime factors of 1809152100.
2, 3, 5, 7, 287167
List the prime factors of 2124348167.
137, 3137, 4943
What are the prime factors of 2627587049?
41, 64087489
What are the prime factors of 76562055?
3, 5, 23, 73973
What are the prime factors of 69036231?
3, 11, 1019, 2053
List the prime factors of 41458359.
3, 17, 853, 953
List the prime factors of 32591947.
32591947
What are the prime factors of 4472793165?
3, 5, 79, 3774509
What are the prime factors of 403002599?
83, 829, 5857
What are the prime factors of 890424813?
3, 127, 2337073
List the prime factors of 165920037.
3, 6977, 7927
What are the prime factors of 174056957?
174056957
List the prime factors of 56364459.
3, 18788153
What are the prime factors of 20010771?
3, 11, 202129
What are the prime factors of 22226873?
22226873
List the prime factors of 289541791.
7, 11, 3760283
List the prime factors of 356749643.
19, 31, 605687
What are the prime factors of 352167128?
2, 19, 587, 3947
List the prime factors of 123166258.
2, 17, 3622537
What are the prime factors of 3094690505?
5, 521, 1187981
What are the prime factors of 3606259207?
6379, 565333
List the prime factors of 214689481.
17, 131, 149, 647
List the prime factors of 5832116391.
3, 659, 983, 3001
List the prime factors of 198368047.
1907, 104021
What are the prime factors of 42504829?
42504829
List the prime factors of 150958190.
2, 5, 97, 155627
What are the prime factors of 1220343218?
2, 610171609
What are the prime factors of 63086787?
3, 7009643
What are the prime factors of 434557264?
2, 17, 661, 2417
What are the prime factors of 6146421?
3, 61, 33587
What are the prime factors of 129945902?
2, 19, 1481, 2309
List the prime factors of 617820995.
5, 11, 11233109
List the prime factors of 175614690.
2, 3, 5, 31, 188833
What are the prime factors of 1717033532?
2, 101, 4250083
List the prime factors of 236497445.
5, 47299489
List the prime factors of 74348660.
2, 5, 191, 19463
List the prime factors of 18478412.
2, 19, 243137
List the prime factors of 2478395586.
2, 3, 251, 1645681
What are the prime factors of 10608